{"id":391,"date":"2022-10-19T13:30:27","date_gmt":"2022-10-19T13:30:27","guid":{"rendered":"https:\/\/demo.athemes.com\/botiga-beauty-el\/?page_id=14"},"modified":"2024-01-14T09:57:38","modified_gmt":"2024-01-14T09:57:38","slug":"home","status":"publish","type":"page","link":"https:\/\/lowen.szczecin.pl\/","title":{"rendered":"Home"},"content":{"rendered":"\t\t<div data-elementor-type=\"wp-page\" data-elementor-id=\"391\" class=\"elementor elementor-391\">\n\t\t\t\t\t\t<section class=\"elementor-section elementor-top-section elementor-element elementor-element-a53f34a elementor-section-full_width elementor-section-height-default elementor-section-height-default\" data-id=\"a53f34a\" data-element_type=\"section\" data-settings=\"{&quot;background_background&quot;:&quot;classic&quot;}\">\n\t\t\t\t\t\t<div class=\"elementor-container elementor-column-gap-default\">\n\t\t\t\t\t<div class=\"elementor-column elementor-col-100 elementor-top-column elementor-element elementor-element-56314a8\" data-id=\"56314a8\" data-element_type=\"column\">\n\t\t\t<div class=\"elementor-widget-wrap elementor-element-populated\">\n\t\t\t\t\t\t<section class=\"elementor-section elementor-inner-section elementor-element elementor-element-f0fbbd4 elementor-section-boxed elementor-section-height-default elementor-section-height-default\" data-id=\"f0fbbd4\" data-element_type=\"section\">\n\t\t\t\t\t\t<div class=\"elementor-container elementor-column-gap-default\">\n\t\t\t\t\t<div class=\"elementor-column elementor-col-50 elementor-inner-column elementor-element elementor-element-77f1ba6\" data-id=\"77f1ba6\" data-element_type=\"column\">\n\t\t\t<div class=\"elementor-widget-wrap elementor-element-populated\">\n\t\t\t\t\t\t<div class=\"elementor-element elementor-element-dbae005 elementor-invisible elementor-widget elementor-widget-heading\" data-id=\"dbae005\" data-element_type=\"widget\" data-settings=\"{&quot;_animation&quot;:&quot;fadeInUpShorter&quot;,&quot;_animation_delay&quot;:200}\" data-widget_type=\"heading.default\">\n\t\t\t\t<div class=\"elementor-widget-container\">\n\t\t\t\t\t<h1 class=\"elementor-heading-title elementor-size-default\">Cia\u0142o jest tym, czym jest cz\u0142owiek<\/h1>\t\t\t\t<\/div>\n\t\t\t\t<\/div>\n\t\t\t\t<div class=\"elementor-element elementor-element-827cf43 elementor-invisible elementor-widget elementor-widget-heading\" data-id=\"827cf43\" data-element_type=\"widget\" data-settings=\"{&quot;_animation&quot;:&quot;fadeInUpShorter&quot;,&quot;_animation_delay&quot;:200}\" data-widget_type=\"heading.default\">\n\t\t\t\t<div class=\"elementor-widget-container\">\n\t\t\t\t\t<h1 class=\"elementor-heading-title elementor-size-small\">Alexander Lowen<\/h1>\t\t\t\t<\/div>\n\t\t\t\t<\/div>\n\t\t\t\t\t<\/div>\n\t\t<\/div>\n\t\t\t\t<div class=\"elementor-column elementor-col-50 elementor-inner-column elementor-element elementor-element-ffe626f\" data-id=\"ffe626f\" data-element_type=\"column\">\n\t\t\t<div class=\"elementor-widget-wrap\">\n\t\t\t\t\t\t\t<\/div>\n\t\t<\/div>\n\t\t\t\t\t<\/div>\n\t\t<\/section>\n\t\t\t\t\t<\/div>\n\t\t<\/div>\n\t\t\t\t\t<\/div>\n\t\t<\/section>\n\t\t\t\t<section class=\"elementor-section elementor-top-section elementor-element elementor-element-cc4ba2a elementor-section-boxed elementor-section-height-default elementor-section-height-default\" data-id=\"cc4ba2a\" data-element_type=\"section\">\n\t\t\t\t\t\t<div class=\"elementor-container elementor-column-gap-default\">\n\t\t\t\t\t<div class=\"elementor-column elementor-col-100 elementor-top-column elementor-element elementor-element-e654a9e\" data-id=\"e654a9e\" data-element_type=\"column\">\n\t\t\t<div class=\"elementor-widget-wrap elementor-element-populated\">\n\t\t\t\t\t\t<div class=\"elementor-element elementor-element-cfaddff elementor-invisible elementor-widget elementor-widget-heading\" data-id=\"cfaddff\" data-element_type=\"widget\" id=\"#lowen\" data-settings=\"{&quot;_animation&quot;:&quot;fadeInUpShorter&quot;,&quot;_animation_delay&quot;:200}\" data-widget_type=\"heading.default\">\n\t\t\t\t<div class=\"elementor-widget-container\">\n\t\t\t\t\t<h2 class=\"elementor-heading-title elementor-size-default\"><a href=\"#owen\">Czym jest Analiza Bioenergetyczna (Metoda Lowena)<\/a><\/h2>\t\t\t\t<\/div>\n\t\t\t\t<\/div>\n\t\t\t\t<div class=\"elementor-element elementor-element-befef59 elementor-invisible elementor-widget elementor-widget-text-editor\" data-id=\"befef59\" data-element_type=\"widget\" data-settings=\"{&quot;_animation&quot;:&quot;fadeInUpShorter&quot;,&quot;_animation_delay&quot;:400}\" data-widget_type=\"text-editor.default\">\n\t\t\t\t<div class=\"elementor-widget-container\">\n\t\t\t\t\t\t\t\t\t<p><i>Fundamentaln\u0105 tez\u0105 bioenergetyki jest to, \u017ce cia\u0142o i umys\u0142 s\u0105 funkcjonalnie identyczne. <br>To, co si\u0119 dzieje w umy\u015ble, odzwierciedla zmiany zachodz\u0105ce w ciele i odwrotnie. <br><\/i>Alexander Lowen<\/p>\n<p>Analiza Bioenergetyczna opracowana zosta\u0142a w Stanach Zjednoczonych przez psychiatr\u0119 Alexandra Lowena. Lowen, ucze\u0144 Reicha, rozwin\u0105\u0142 jego teori\u0119 odzwierciedlania proces\u00f3w psychicznych w ciele i jego energetyce. Lowen przez kilkadziesi\u0105t lat praktykowa\u0142 i rozwija\u0142 swoja metod\u0119, propaguj\u0105c holistyczne, psychosomatyczne widzenie cz\u0142owieka. Lowen obserwowa\u0142, \u017ce z cia\u0142a cz\u0142owieka mo\u017cna odczyta\u0107 jego histori\u0119, konflikty emocjonalne i przeci\u0105\u017cenia. W W procesie terapii analizuje si\u0119 tre\u015bci psychiczne, schematy napi\u0119\u0107 w ciele oraz przywraca si\u0119 prawid\u0142owe funkcje oddechu. Dzi\u0119ki temu cia\u0142o wraca do \u017cywotno\u015bci (swobody wyra\u017cania) a naturalne odruchy (p\u0142acz, krzyk, odepchni\u0119cie, przyci\u0105gni\u0119cie, pe\u0142ny oddech) zostaj\u0105 przywr\u00f3cone. Nie\u015bwiadome, zatrzymane w formie napi\u0119\u0107 w ciele uczucia i emocje zostaj\u0105 uwolnione, co powoduje, \u017ce cz\u0142owiek mo\u017ce funkcjonowa\u0107 jako jedno\u015b\u0107 psychofizyczna.<\/p>\n<p><\/p>\t\t\t\t\t\t\t\t<\/div>\n\t\t\t\t<\/div>\n\t\t\t\t\t<\/div>\n\t\t<\/div>\n\t\t\t\t\t<\/div>\n\t\t<\/section>\n\t\t\t\t<section class=\"elementor-section elementor-top-section elementor-element elementor-element-5291af9 elementor-section-full_width elementor-section-height-default elementor-section-height-default\" data-id=\"5291af9\" data-element_type=\"section\" data-settings=\"{&quot;background_background&quot;:&quot;classic&quot;}\">\n\t\t\t\t\t\t<div class=\"elementor-container elementor-column-gap-default\">\n\t\t\t\t\t<div class=\"elementor-column elementor-col-100 elementor-top-column elementor-element elementor-element-0eb56ce\" data-id=\"0eb56ce\" data-element_type=\"column\">\n\t\t\t<div class=\"elementor-widget-wrap elementor-element-populated\">\n\t\t\t\t\t\t<section class=\"elementor-section elementor-inner-section elementor-element elementor-element-9b2fd73 elementor-section-boxed elementor-section-height-default elementor-section-height-default\" data-id=\"9b2fd73\" data-element_type=\"section\">\n\t\t\t\t\t\t<div class=\"elementor-container elementor-column-gap-default\">\n\t\t\t\t\t<div class=\"elementor-column elementor-col-100 elementor-inner-column elementor-element elementor-element-8a88a77\" data-id=\"8a88a77\" data-element_type=\"column\">\n\t\t\t<div class=\"elementor-widget-wrap elementor-element-populated\">\n\t\t\t\t\t\t<div class=\"elementor-element elementor-element-6a63831 elementor-invisible elementor-widget elementor-widget-heading\" data-id=\"6a63831\" data-element_type=\"widget\" data-settings=\"{&quot;_animation&quot;:&quot;fadeInUpShorter&quot;,&quot;_animation_delay&quot;:200}\" data-widget_type=\"heading.default\">\n\t\t\t\t<div class=\"elementor-widget-container\">\n\t\t\t\t\t<h1 class=\"elementor-heading-title elementor-size-default\">Celem terapii jest pomoc w wykorzystaniu potencja\u0142u \u017cyciowego tak, aby \u017cycie przynosi\u0142o wi\u0119cej przyjemno\u015bci i rado\u015bci<\/h1>\t\t\t\t<\/div>\n\t\t\t\t<\/div>\n\t\t\t\t\t<\/div>\n\t\t<\/div>\n\t\t\t\t\t<\/div>\n\t\t<\/section>\n\t\t\t\t\t<\/div>\n\t\t<\/div>\n\t\t\t\t\t<\/div>\n\t\t<\/section>\n\t\t\t\t<section class=\"elementor-section elementor-top-section elementor-element elementor-element-398a725 elementor-section-boxed elementor-section-height-default elementor-section-height-default\" data-id=\"398a725\" data-element_type=\"section\">\n\t\t\t\t\t\t<div class=\"elementor-container elementor-column-gap-default\">\n\t\t\t\t\t<div class=\"elementor-column elementor-col-100 elementor-top-column elementor-element elementor-element-433c458\" data-id=\"433c458\" data-element_type=\"column\">\n\t\t\t<div class=\"elementor-widget-wrap elementor-element-populated\">\n\t\t\t\t\t\t<div class=\"elementor-element elementor-element-52f8025 elementor-invisible elementor-widget elementor-widget-heading\" data-id=\"52f8025\" data-element_type=\"widget\" data-settings=\"{&quot;_animation&quot;:&quot;fadeInUpShorter&quot;,&quot;_animation_delay&quot;:200}\" data-widget_type=\"heading.default\">\n\t\t\t\t<div class=\"elementor-widget-container\">\n\t\t\t\t\t<h2 class=\"elementor-heading-title elementor-size-default\">O mnie<\/h2>\t\t\t\t<\/div>\n\t\t\t\t<\/div>\n\t\t\t\t<div class=\"elementor-element elementor-element-9fe3710 elementor-position-left elementor-vertical-align-top elementor-invisible elementor-widget elementor-widget-image-box\" data-id=\"9fe3710\" data-element_type=\"widget\" data-settings=\"{&quot;_animation&quot;:&quot;fadeInUpShorter&quot;}\" data-widget_type=\"image-box.default\">\n\t\t\t\t<div class=\"elementor-widget-container\">\n\t\t\t\t\t<div class=\"elementor-image-box-wrapper\"><figure class=\"elementor-image-box-img\"><img fetchpriority=\"high\" decoding=\"async\" width=\"500\" height=\"500\" src=\"https:\/\/lowen.szczecin.pl\/wp-content\/uploads\/2024\/01\/zdjecie-1.png\" class=\"attachment-full size-full wp-image-515\" alt=\"\" srcset=\"https:\/\/lowen.szczecin.pl\/wp-content\/uploads\/2024\/01\/zdjecie-1.png 500w, https:\/\/lowen.szczecin.pl\/wp-content\/uploads\/2024\/01\/zdjecie-1-300x300.png 300w, https:\/\/lowen.szczecin.pl\/wp-content\/uploads\/2024\/01\/zdjecie-1-150x150.png 150w, https:\/\/lowen.szczecin.pl\/wp-content\/uploads\/2024\/01\/zdjecie-1-380x380.png 380w, https:\/\/lowen.szczecin.pl\/wp-content\/uploads\/2024\/01\/zdjecie-1-420x420.png 420w, https:\/\/lowen.szczecin.pl\/wp-content\/uploads\/2024\/01\/zdjecie-1-100x100.png 100w\" sizes=\"(max-width: 500px) 100vw, 500px\" \/><\/figure><div class=\"elementor-image-box-content\"><p class=\"elementor-image-box-description\">Od 20 lat pracuj\u0119 z cia\u0142em. Zaczyna\u0142am od jogi, praktykuj\u0105c intensywnie kilka lat, a potem ucz\u0105c. Moje obserwacje praktyki w\u0142asnej i moich uczni\u00f3w zaprowadzi\u0142y mnie do wniosk\u00f3w, \u017ce pomimo wyt\u0119\u017conej praktyki fizycznej, pewne napi\u0119cia powracaj\u0105. Zauwa\u017cy\u0142am te\u017c, \u017ce rozci\u0105ganie pewnych partii cia\u0142a przywo\u0142uje emocje, najcz\u0119\u015bciej z\u0142o\u015b\u0107 albo smutek.<br>Szukaj\u0105c wiedzy na ten temat trafi\u0142am na warsztaty lowenowskie, gdzie z zadziwieniem odkry\u0142am, \u017ce moje cia\u0142o jest pe\u0142ne \u0142adunku, kt\u00f3rego uwolnienie zaowocowa\u0142o przyp\u0142ywem poruszenia, emocji, ciep\u0142a i o\u017cywienia.\nPodj\u0119\u0142am nauk\u0119 w Instytucie Wsp\u00f3\u0142czesnej Analizy Bioenergetycznej, gdzie po 4 latach uzyska\u0142am dyplom Facylitatora w Analizie Bioenergetycznej. Obecnie jestem w procesie certyfikacji na terapeutk\u0119.\nProwadz\u0119 w Szczecinie O\u015brodek Pracy z cia\u0142em i Terapii Namaste, pracuj\u0119 indywidualnie prowadz\u0105c terapi\u0119 a tak\u017ce facylituj\u0119 prace grupow\u0105.<\/p><\/div><\/div>\t\t\t\t<\/div>\n\t\t\t\t<\/div>\n\t\t\t\t\t<\/div>\n\t\t<\/div>\n\t\t\t\t\t<\/div>\n\t\t<\/section>\n\t\t\t\t<section class=\"elementor-section elementor-top-section elementor-element elementor-element-e9919f5 elementor-section-boxed elementor-section-height-default elementor-section-height-default\" data-id=\"e9919f5\" data-element_type=\"section\" data-settings=\"{&quot;background_background&quot;:&quot;classic&quot;}\">\n\t\t\t\t\t\t<div class=\"elementor-container elementor-column-gap-default\">\n\t\t\t\t\t<div class=\"elementor-column elementor-col-100 elementor-top-column elementor-element elementor-element-9a202b2\" data-id=\"9a202b2\" data-element_type=\"column\">\n\t\t\t<div class=\"elementor-widget-wrap elementor-element-populated\">\n\t\t\t\t\t\t<div class=\"elementor-element elementor-element-e75e333 elementor-invisible elementor-widget elementor-widget-heading\" data-id=\"e75e333\" data-element_type=\"widget\" data-settings=\"{&quot;_animation&quot;:&quot;fadeInUpShorter&quot;,&quot;_animation_delay&quot;:200}\" data-widget_type=\"heading.default\">\n\t\t\t\t<div class=\"elementor-widget-container\">\n\t\t\t\t\t<h2 class=\"elementor-heading-title elementor-size-default\">Bezpiecze\u0144stwo<\/h2>\t\t\t\t<\/div>\n\t\t\t\t<\/div>\n\t\t\t\t<div class=\"elementor-element elementor-element-35231a9 elementor-invisible elementor-widget elementor-widget-text-editor\" data-id=\"35231a9\" data-element_type=\"widget\" data-settings=\"{&quot;_animation&quot;:&quot;fadeInUpShorter&quot;,&quot;_animation_delay&quot;:400}\" data-widget_type=\"text-editor.default\">\n\t\t\t\t<div class=\"elementor-widget-container\">\n\t\t\t\t\t\t\t\t\t<p>Moj\u0105 prac\u0119 opieram przede wszystkim na budowaniu bezpiecznej relacji z pacjentem.<br>Superwizuj\u0119 si\u0119 regularnie u superwizor\u00f3w w Analizie Bioenergetycznej oraz u superwizor\u00f3w innych nurt\u00f3w (Gestelt, nurt psychodynamiczny, Core energetics).<\/p>\t\t\t\t\t\t\t\t<\/div>\n\t\t\t\t<\/div>\n\t\t\t\t\t<\/div>\n\t\t<\/div>\n\t\t\t\t\t<\/div>\n\t\t<\/section>\n\t\t\t\t<\/div>\n\t\t","protected":false},"excerpt":{"rendered":"<p>Cia\u0142o jest tym, czym jest cz\u0142owiek Alexander Lowen Czym jest Analiza Bioenergetyczna (Metoda Lowena) Fundamentaln\u0105 tez\u0105 bioenergetyki jest to, \u017ce cia\u0142o i umys\u0142 s\u0105 funkcjonalnie identyczne. To, co si\u0119 dzieje [&hellip;]<\/p>\n","protected":false},"author":1,"featured_media":0,"parent":0,"menu_order":0,"comment_status":"closed","ping_status":"closed","template":"elementor_header_footer","meta":{"footnotes":""},"_links":{"self":[{"href":"https:\/\/lowen.szczecin.pl\/index.php?rest_route=\/wp\/v2\/pages\/391"}],"collection":[{"href":"https:\/\/lowen.szczecin.pl\/index.php?rest_route=\/wp\/v2\/pages"}],"about":[{"href":"https:\/\/lowen.szczecin.pl\/index.php?rest_route=\/wp\/v2\/types\/page"}],"author":[{"embeddable":true,"href":"https:\/\/lowen.szczecin.pl\/index.php?rest_route=\/wp\/v2\/users\/1"}],"replies":[{"embeddable":true,"href":"https:\/\/lowen.szczecin.pl\/index.php?rest_route=%2Fwp%2Fv2%2Fcomments&post=391"}],"version-history":[{"count":84,"href":"https:\/\/lowen.szczecin.pl\/index.php?rest_route=\/wp\/v2\/pages\/391\/revisions"}],"predecessor-version":[{"id":571,"href":"https:\/\/lowen.szczecin.pl\/index.php?rest_route=\/wp\/v2\/pages\/391\/revisions\/571"}],"wp:attachment":[{"href":"https:\/\/lowen.szczecin.pl\/index.php?rest_route=%2Fwp%2Fv2%2Fmedia&parent=391"}],"curies":[{"name":"wp","href":"https:\/\/api.w.org\/{rel}","templated":true}]}}